NOAA-Style Climate Reports

Select a Year or Month report
2024: Jan Feb Mar Apr May Jun Jul Aug Sep Oct Nov Dec
2023: Jan Feb Mar Apr May Jun Jul Aug Sep Oct Nov Dec
2022: Jan Feb Mar Apr May Jun Jul Aug Sep Oct Nov Dec
2021: Jan Feb Mar Apr May Jun Jul Aug Sep Oct Nov Dec
2020: Jan Feb Mar Apr May Jun Jul Aug Sep Oct Nov Dec

Report for 2024 June
                   MONTHLY CLIMATOLOGICAL SUMMARY for Jun 2024


NAME: Vaughnsville, Ohio WX                  
ELEV: 760 feet    LAT: 40-52.89 N    LONG: 084-09.02 W


                   TEMPERATURE (F), RAIN (in), WIND SPEED (mph)

                                         HEAT   COOL         AVG
      MEAN                               DEG    DEG          WIND                   DOM
DAY   TEMP   HIGH   TIME    LOW   TIME   DAYS   DAYS   RAIN  SPEED   HIGH   TIME    DIR
---------------------------------------------------------------------------------------
 01   68.1   82.9  14:57   55.0  05:43    0.0    3.1   0.46    2.8   21.0  18:23    198
 02   68.7   78.6  17:20   62.8  05:55    0.0    3.7   0.09    3.3   12.0  00:00    221
 03   73.5   87.2  18:24   59.2  05:36    0.0    8.5   0.00    0.9    9.0  15:16    210
 04   78.6   89.1  16:18   67.3  05:45    0.0   13.6   0.00    1.7   12.0  11:37    174
 05   74.2   83.7  15:24   69.7  06:40    0.0    9.2   1.61    3.3   21.0  16:12    199
 06   73.0   82.1  16:30   64.2  04:27    0.0    8.0   0.01    3.0   22.0  18:17    261
 07   69.2   79.3  17:33   59.1  06:22    0.0    4.2   0.00    3.3   26.0  16:45    280
 08   70.2   81.4  17:04   55.5  05:33    0.0    5.2   0.00    3.9   24.0  22:49    219
 09   67.5   78.0  16:04   57.1  06:20    0.0    2.5   0.00    3.5   24.0  17:13    293
 10   61.6   70.9  19:02   54.8  10:20    3.4    0.0   0.00    1.8   18.0  18:11    338
 11   65.5   79.4  19:08   49.5  06:08    0.0    0.5   0.00    0.8   10.0  15:52    225
 12   70.2   85.0  15:23   60.4  04:45    0.0    5.2   0.00    2.3   12.0  12:11    212
 13
 14
 15
 16
 17
 18
 19
 20
 21
 22
 23
 24
 25
 26
 27
 28
 29
 30
---------------------------------------------------------------------------------------
      70.0   89.1     04   49.5     11    3.4   63.7   2.17    2.6   26.0     07    235
    
cardcarrying-quotidian
cardcarrying-quotidian
cardcarrying-quotidian
cardcarrying-quotidian